 remainder when 858 is divided by 87?
75
Calculate the remainder when 120 is divided by 36.
12
What is the remainder when 164 is divided by 42?
38
What is the remainder when 21169 is divided by 134?
131
Calculate the remainder when 12148 is divided by 98.
94
What is the remainder when 16 is divided by 12?
4
What is the remainder when 877 is divided by 293?
291
What is the remainder when 259 is divided by 5?
4
What is the remainder when 1753 is divided by 431?
29
Calculate the remainder when 315 is divided by 20.
15
What is the remainder when 168 is divided by 79?
10
What is the remainder when 117 is divided by 40?
37
Calculate the remainder when 118 is divided by 30.
28
Calculate the remainder when 4548 is divided by 50.
48
Calculate the remainder when 469 is divided by 79.
74
Calculate the remainder when 1416 is divided by 109.
108
What is the remainder when 43 is divided by 27?
16
What is the remainder when 5117 is divided by 128?
125
What is the remainder when 234 is divided by 119?
115
What is the remainder when 548 is divided by 19?
16
Calculate the remainder when 1104 is divided by 28.
12
What is the remainder when 998 is divided by 986?
12
What is the remainder when 8229 is divided by 21?
18
What is the remainder when 541 is divided by 16?
13
What is the remainder when 1030 is divided by 61?
54
What is the remainder when 131 is divided by 19?
17
Calculate the remainder when 855 is divided by 107.
106
What is the remainder when 1156 is divided by 61?
58
What is the remainder when 352 is divided by 175?
2
Calculate the remainder when 185 is divided by 15.
5
Calculate the remainder when 160 is divided by 38.
8
What is the remainder when 1013 is divided by 145?
143
Calculate the remainder when 4114 is divided by 28.
26
What is the remainder when 116 is divided by 101?
15
What is the remainder when 15392 is divided by 179?
177
What is the remainder when 57 is divided by 2?
1
Calculate the remainder when 2062 is divided by 261.
235
What is the remainder when 2961 is divided by 293?
31
What is the remainder when 127 is divided by 68?
59
What is the remainder when 31 is divided by 9?
4
Calculate the remainder when 564 is divided by 63.
60
What is the remainder when 150 is divided by 19?
17
Calculate the remainder when 8180 is divided by 2726.
2
Calculate the remainder when 2245 is divided by 107.
105
What is the remainder when 6661 is divided by 98?
95
Calculate the remainder when 22 is divided by 8.
6
Calculate the remainder when 239 is divided by 11.
8
What is the remainder when 191 is divided by 52?
35
What is the remainder when 89 is divided by 46?
43
What is the remainder when 66 is divided by 8?
2
What is the remainder when 61 is divided by 37?
24
Calculate the remainder when 85 is divided by 51.
34
Calculate the remainder when 222 is divided by 15.
12
What is the remainder when 127 is divided by 15?
7
What is the remainder when 304 is divided by 101?
1
Calculate the remainder when 651 is divided by 29.
13
Calculate the remainder when 300 is divided by 141.
18
What is the remainder when 252 is divided by 49?
7
Calculate the remainder when 7771 is divided by 67.
66
What is the remainder when 329 is divided by 108?
5
Calculate the remainder when 94 is divided by 27.
13
What is the remainder when 350 is divided by 8?
6
Calculate the remainder when 645 is divided by 26.
21
What is the remainder when 91 is divided by 38?
15
What is the remainder when 123 is divided by 4?
3
What is the remainder when 185 is divided by 110?
75
What is the remainder when 187 is divided by 69?
49
Calculate the remainder when 92 is divided by 31.
30
What is the remainder when 3357 is divided by 141?
114
What is the remainder when 7084 is divided by 13?
12
What is the remainder when 728 is divided by 15?
8
What is the remainder when 94 is divided by 62?
32
Calculate the remainder when 641 is divided by 165.
146
Calculate the remainder when 353 is divided by 117.
2
Calculate the remainder when 584 is divided by 13.
12
What is the remainder when 150 is divided by 11?
7
Calculate the remainder when 347 is divided by 33.
17
Calculate the remainder when 1277 is divided by 422.
11
Calculate the remainder when 67 is divided by 35.
32
What is the remainder when 1406 is divided by 174?
14
What is the remainder when 199 is divided by 10?
9
Calculate the remainder when 152 is divided by 39.
35
Calculate the remainder when 11844 is divided by 11.
8
What is the remainder when 97 is divided by 17?
12
What is the remainder when 170 is divided by 35?
30
Calculate the remainder when 3298 is divided by 29.
21
What is the remainder when 1507 is divided by 33?
22
Calculate the remainder when 808 is divided by 211.
175
What is the remainder when 843 is divided by 489?
354
What is the remainder when 222 is divided by 106?
10
What is the remainder when 5802 is divided by 27?
24
Calculate the remainder when 151 is divided by 82.
69
Calculate the remainder when 29 is divided by 16.
13
What is the remainder when 273 is divided by 46?
43
What is the remainder when 1933 is divided by 94?
53
Calculate the remainder when 100 is divided by 17.
15
What is the remainder when 360 is divided by 355?
5
Calculate the remainder when 172 is divided by 47.
31
What is the remainder when 352 is divided by 73?
60
Calculate the remainder when 250 is divided by 9.
7
What is the remainder when 206 is divided by 128?
78
Calculate the remainder when 65 is divided by 30.
5
What is the remainder when 64 is divided by 27?
10
What is the remainder when 114 is divided by 23?
22
What is the remainder when 206 is divided by 13?
11
Calculate the remainder when 315 is divided by 53.
50
What is the remainder when 66 is divided by 30?
6
Calculate the remainder when 848 is divided by 133.
50
Calculate the remainder when 1658 is divided by 148.
30
What is the remainder when 59 is divided by 20?
19
What is the remainder when 662 is divided by 255?
152
Calculate the remainder when 48 is divided by 19.
10
What is the remainder when 182 is divided by 18?
2
Calculate the remainder when 9 is divided by 9.
0
What is the remainder when 1021 is divided by 337?
10
What is the remainder when 118 is divided by 12?
10
Calculate the remainder when 8905 is divided by 17.
14
What is the remainder when 81 is divided by 26?
3
What is the remainder when 30 is divided by 8?
6
What is the remainder when 664 is divided by 95?
94
What is the remainder when 157 is divided by 38?
5
What is the remainder when 632 is divided by 19?
5
What is the remainder when 1815 is divided by 10?
5
Calculate the remainder when 288 is divided by 75.
63
What is the remainder when 40 is divided by 15?
10
Calculate the remainder when 503 is divided by 24.
23
What is the remainder when 21883 is divided by 62?
59
What is the remainder when 6527 is divided by 128?
127
Calculate the remainder when 123 is divided by 26.
19
Calculate the remainder when 8 is divided by 1.
0
What is the remainder when 248 is divided by 106?
36
Calculate the remainder when 176 is divided by 47.
35
What is the remainder when 911 is divided by 37?
23
What is the remainder when 237 is divided by 54?
21
What is the remainder when 71 is divided by 49?
22
What is the remainder when 38278 is divided by 120?
118
Calculate the remainder when 719 is divided by 43.
31
What is the remainder when 5526 is divided by 3?
0
Calculate the remainder when 194 is divided by 52.
38
Calculate the remainder when 1514 is divided by 138.
134
Calculate the remainder when 1277 is divided by 57.
23
Calculate the remainder when 265 is divided by 46.
35
What is the remainder when 6832 is divided by 402?
400
Calculate the remainder when 113 is divided by 5.
3
What is the remainder when 17878 is divided by 40?
38
Calculate the remainder when 2844 is divided by 19.
13
Calculate the remainder when 1250 is divided by 42.
32
What is the remainder when 480 is divided by 156?
12
Calculate the remainder when 2000 is divided by 143.
141
Calculate the remainder when 174 is divided by 47.
33
Calculate the remainder when 2121 is divided by 707.
0
What is the remainder when 90 is divided by 18?
0
Calculate the remainder when 4168 is divided by 97.
94
Calculate the remainder when 57 is divided by 20.
17
What is the remainder when 185 i